**2 - 10*i + 8. Let h(z) = 15*j(z) + 2*p(z). Calculate the remainder when h(1) is divided by 22.
9
Let x(f) = -3*f - 11. Let s = 13351 + -13264. What is the remainder when s is divided by x(-8)?
9
Suppose 14*d = 17*d - 210. Suppose 4*v = -v + d. What is the remainder when 29 is divided by v?
1
Suppose -5*b + 72 = 4*s, -3*b - 2*s - s + 42 = 0. What is the remainder when 2012 is divided by b?
12
Suppose 3*i + 585 = -5*q - 2*i, -q - 133 = -3*i. Let w = 161 + q. What is the remainder when w is divided by 14?
12
Suppose -4*j - 4 + 11 = -t, -t = j + 2. Suppose -2*s + 0*s = -n + 18, 28 = -2*s - 4*n. Let p = s - -11. What is the remainder when j is divided by p?
0
Let b be (1/(-2))/(-4*7/280). Let d(z) = z**3 + z. Let s be d(1). Suppose 2*q = b*q - 4*k - 39, s*k = 2*q - 28. Calculate the remainder when 17 is divided by q.
0
What is the remainder when 8588016/874 + (-8)/76 is divided by 12?
10
Suppose 18*n - 16*n - 10 = 0. Let k(z) = -z**2 + 6*z + 7. What is the remainder when 57 is divided by k(n)?
9
What is the remainder when -6*(6/24 + 10218/(-24)) is divided by 18?
15
Let l(u) = -81*u**2 - 4*u + 6560. Calculate the remainder when l(0) is divided by 34.
32
Let u(m) = 4*m**3 - 20*m**2 + 20*m - 81. What is the remainder when 2867 is divided by u(5)?
17
Suppose 4*d - 13*k - 202 = -15*k, 0 = -11*d - 5*k + 551. Let y(r) = 4*r**2 + 3*r - 3. What is the remainder when y(6) is divided by d?
21
Let r = -24 + 28. Suppose r*s + 4*q + 24 = 0, 5*s + 4*q + 14 = 3*s. What is the remainder when 2*(4 + s) + 87 is divided by 29?
27
Let f = 142 + -100. Let j(k) = 5*k - 63. Let r be j(19). Let p = r - 21. What is the remainder when f is divided by p?
9
Suppose 0 = -4*v - 10*u + 7*u + 416, 5*v = -3*u + 517. What is the remainder when 264 is divided by v?
62
Let o = -329 - -341. Suppose 2*y + 4*b - 42 = b, -34 = -2*y + b. Calculate the remainder when y is divided by o.
6
Suppose -11*f + 14*f - 36 = 0. Suppose -4*l = f, a + 303 = 4*a - 2*l. Let m = 481 - 461. What is the remainder when a is divided by m?
19
Let j = -296 - -170. What is the remainder when 108/j + (-2)/14 - -423 is divided by 9?
8
Let x(r) = -r**2 + 42*r + 323. What is the remainder when x(0) is divided by 102?
17
Suppose 2*p + p = -18. Let o = 44481 - 44462. What is the remainder when o is divided by p/(-18) - 26/(-3)?
1
Let x(k) = 3*k**2 + k - 2. Let j = -26 + 30. Suppose -j*p + 224 = -4*b, 0*p = 2*p + 3*b - 97. What is the remainder when p is divided by x(3)?
25
Suppose 6*k = 3*k - 0*k. Suppose -4*m - 381 + 577 = k. Calculate the remainder when m is divided by 9.
4
Let g(d) = 99*d**2 - 866*d - 18. Calculate the remainder when 19249 is divided by g(9).
205
Suppose 21*l - 2*r - 71 = 16*l, 7*l - 97 = 4*r. What is the remainder when 32744 is divided by l?
14
Suppose -2*p + 3*p = -5*u + 601, 2982 = 5*p + 2*u. Suppose 6*g = -44 + p. Suppose -9*t + g = -5*t. Calculate the remainder when t is divided by 8.
7
Let i(v) = -v**3 + 7*v**2 - 8*v - 5. Let n be i(5). Suppose m - n*s + 42 = -0*m, -m = 5*s + 32. Let l = 53 + m. What is the remainder when 44 is divided by l?
12
Suppose 4*z = 5*p - 59, 6*z = z - 4*p - 43. Let c(j) = -j**3 - 9*j**2 + 23*j + 25. Suppose 3 = -4*f + 5*f. What is the remainder when c(z) is divided by f?
2
Let n = -22 - -31. Let s = 138 - 136. Suppose -3*g + 4 + 72 = l, -2*l + s = 0. What is the remainder when g is divided by n?
7
Let y be (78/(-52))/(1/(-42)). Suppose -w - y*o + 26 = -59*o, o = w - 41. Calculate the remainder when 200 is divided by w.
10
Suppose 358*o - 14*o = -275*o + 113896. Calculate the remainder when 596 is divided by o.
44
Let i(h) = h**3 - 34*h**2 + 66*h + 34. Let n be 38 - ((-4)/4 - -4 - -3). Calculate the remainder when 583 is divided by i(n).
93
Let k(v) = 6*v**2 + 24*v - 14. Let j be k(-11). Suppose -99*n - j = -106*n. What is the remainder when n is divided by 6?
4
What is the remainder when -22 + -8 - -36 - (-2 + 3 - 1370) is divided by 682?
11
Let c(h) = h**3 - 6*h**2 + 16*h - 10. Calculate the remainder when 395 is divided by c(5).
35
Suppose 5*j = h - 16 + 169, -j = 4*h - 39. Suppose -904 = -25*q + 17*q. What is the remainder when q is divided by j?
20
Let l(a) = a**2 - 8*a + 12. Let y(t) = t**3 + 17*t**2 - 26*t - 665. What is the remainder when l(8) is divided by y(-16)?
5
Let u(p) be the third derivative of p**4/3 - 109*p**3/6 + 17*p**2 - 2*p. What is the remainder when 4 is divided by u(14)?
1
Let u(q) = -2*q**3 - 150*q**2 - 7*q + 292. What is the remainder when u(-75) is divided by 33?
25
Let z(l) = l**3 + 13*l**2 - 4*l - 42. Let v(j) = -2*j**3 + 6*j**2 + 5*j - 1. Let s be v(4). What is the remainder when z(s) is divided by 9?
1
Suppose 24*s - 22*s = 150. Let t = -73 + s. Suppose t*i - 98 = 4*z, -147 = -3*i - 0*i - 4*z. Calculate the remainder when i is divided by 26.
23
Calculate the remainder when 341 is divided by (1 + 1)*(5/10 + -1)*-31.
0
Suppose -3*h - 49*l + 47*l = -1, -4*h + 4*l + 28 = 0. Suppose 0 = h*b + 5 - 50. Calculate the remainder when 8/(-6)*(-18)/1 is divided by b.
9
Let o = 6962 - 6941. What is the remainder when 2559 is divided by o?
18
Let k = -53 - -51. Let r(u) = -5*u**3 - 4*u**2 - 9*u - 5. What is the remainder when r(k) is divided by 22?
15
Let b = 332 + -261. Suppose 0 = 4*s + 12, -3 = 5*t + 3*s - 4. Suppose t*o - b = 111. What is the remainder when o is divided by 46?
45
Let j(q) = 58*q + 5686. What is the remainder when j(-82) is divided by 155?
0
Calculate the remainder when 175 is divided by (12/48*6/1)/(9/492).
11
Let n(b) = 8*b + 38. Let o be n(-4). Suppose -o*i = -2*m - i + 63, 0 = -m + 2*i + 33. Calculate the remainder when 78 is divided by m.
0
Let d(m) be the first derivative of m**3/3 + 14*m**2 + 12*m - 86. What is the remainder when d(-31) is divided by 20?
5
Let x = -16 + 49. Let q be ((299952/(-8))/18)/((-1)/1). Let b = -1988 + q. What is the remainder when b is divided by x?
29
Let y = 96 - 83. Suppose -4*d + 322 = 5*r, -5*r + 3*d + 314 = y. What is the remainder when r is divided by 14?
6
Suppose -4*l = 4*z - 36, -3*z + 15 = -4*l + 79. Suppose -5*m + 165 = 5*r, -r + 12 = -m - l. What is the remainder when 106 is divided by r?
19
Suppose o + 5*k = 23, -33 = -5*k - 8. Calculate the remainder when 221 is divided by (-19)/o*(-14 - -16).
12
Let k(f) = -f**3 + 3*f**2 + 3*f + 4. Suppose -17 + 81 = 4*v. Suppose 13*a + v = 15*a. What is the remainder when k(3) is divided by a?
5
Suppose 16*x + 3386 - 12898 = -42*x. What is the remainder when 3278 is divided by x?
162
Suppose 18*i - 920 = 178. What is the remainder when 40015 is divided by i?
60
Suppose -8*d = -59 + 11. Calculate the remainder when (10 - d) + 1 + 21 is divided by 4.
2
Let b(o) = 425*o + 1978. Calculate the remainder when 1435 is divided by b(-4).
45
Let j = -22937 + 23045. Calculate the remainder when 221 is divided by j.
5
Suppose 6 = u - 9. Let x be (-2127)/(-15) - 6/(-30). Suppose -9*z + 898 - x = 0. What is the remainder when z is divided by u?
9
Let y(j) = 2. Let p(v) = 8*v - 31. Let d(i) = p(i) - 3*y(i). What is the remainder when d(8) is divided by 12 + -16 + 14*1?
7
Suppose -46 - 18 = -2*u. What is the remainder when u is divided by -3*(-156)/90*5?
6
Let o = 457 - -232. Suppose o - 109 = 2*c. Calculate the remainder when c is divided by 42.
38
Let t = -790 + 380. Let c = 455 + t. Calculate the remainder when 161 is divided by c.
26
Let p(u) = -u**3 + 15*u**2 - 3*u + 24. Let f be p(15). Calculate the remainder when ((-512)/(-12))/((-7)/f) is divided by -4 - -3 - (-28 - -1).
24
What is the remainder when (-2009)/(-14)*(36/(-21))/(-3) is divided by 18?
10
Let u be (-1)/((-6)/(-8) + -1). Suppose -3*g + 0*g - 118 = -2*c, -g + u = 0. What is the remainder when 128 is divided by c?
63
Let s = 31586 + -28265. Calculate the remainder when s is divided by 175.
171
Let y be (4 + 90)*-2*4/(-16). Calculate the remainder when 5 is divided by 6/(-27) + 0 + y/9.
0
Let v = -3 + 4. Let f = 3 - v. Calculate the remainder when (-2703)/(-408) + 3/8 is divided by f.
1
Let b(u) = 3*u**3 - 8*u**2 + 22*u + 11. Let a be b(6). Let s = 515 - a. What is the remainder when 55 is divided by s?
7
Suppose -3*d + 0*d - 4*t = -69, -6 = -2*t. Calculate the remainder when d is divided by (7 - 9 - (-2)/(-1))/(-1).
3
Let c = 706 - 409. What is the remainder when c is divided by 23?
21
Su